its digit of b?
0
Let k = 1898 + 3410. What is the tens digit of k?
0
Suppose -12*b + 332 + 3988 = 0. Let y = b - 252. What is the hundreds digit of y?
1
Suppose 5*x + 14 = 3*q - 44, -5*x = 4*q + 86. Suppose -9*c = 37 + 98. Let v = x - c. What is the units digit of v?
1
Let c(t) = 3*t - 5. Let b be c(4). Suppose 6*v - 1 = b*v. What is the units digit of (-90)/(1*(v + -1))?
5
Let j = -1 - -496. What is the hundreds digit of j?
4
Let z(r) = 11*r + 7. Let n be z(3). Let k = n + -22. What is the tens digit of k?
1
Let c(m) be the first derivative of 16*m + 0*m**2 + 7 + 1/3*m**3. What is the tens digit of c(0)?
1
Suppose 96 + 60 = d. Suppose -72 = -10*b + 4*b. What is the tens digit of ((-4)/b)/((-4)/d)?
1
Suppose -y - 45 - 50 = 0. Let g = 207 + y. What is the tens digit of g?
1
Suppose c + 2 = 0, 3*v - 3*c - 185 = -2*c. Suppose -4*q + v - 9 = 0. Suppose -5*y = -15, -r + 3*y + q = -0*r. What is the units digit of r?
2
Let k(c) = c**3 + 34*c**2 - 33*c + 80. What is the tens digit of k(-35)?
1
Let b be (-10)/(2 + (-336)/164). Suppose b = -5*t - 10. Let h = 78 + t. What is the units digit of h?
5
Suppose 4*a + 787 = 5*a + p, 5*a - 5*p = 3885. What is the units digit of a?
2
Let c be (-2)/7 + (-676)/(-14). Let p = -108 + 134. Let n = c - p. What is the tens digit of n?
2
Let y(l) = -l**3 - l**2 + 2*l - 4. Let j be y(-3). Suppose j*k = -k + 1323. What is the tens digit of k?
4
Let i be (0 - 250)*4/(-8). Let k be -3 - 7*(-2)/2. Suppose -5*s + k*c = -i, 3*s - 92 = 2*c - 3*c. What is the units digit of s?
9
Let v(s) = s**3 - 37*s**2 + 7*s + 46. What is the tens digit of v(37)?
0
Let q = 54 + -51. What is the tens digit of (-146)/(-3) + q/9?
4
Let n(t) = -967*t + 344. What is the thousands digit of n(-3)?
3
Suppose -3*f + 8*f = -2*j - 70, j = 4*f + 69. Let b = 142 + f. What is the tens digit of b?
2
Let g = 6 - -534. What is the hundreds digit of g?
5
Let x = 1907 - 583. What is the units digit of x?
4
Let d be 7/(21/2)*3. Suppose d = h - 2. Let c = h + -1. What is the units digit of c?
3
Let s be (1/3)/(3/18). Suppose -s*q + 0*q + 5*v + 64 = 0, v - 214 = -5*q. What is the tens digit of q?
4
Let v = 3692 - 1615. What is the units digit of v?
7
What is the tens digit of (4980/78 - (-6)/39) + 2?
6
Let j(n) = -108*n - 78. What is the units digit of j(-19)?
4
Let q = 97 + -72. Let j = 41 + q. What is the units digit of j?
6
What is the units digit of 1*(-511)/((-49)/7)?
3
Suppose -1010 = -8*f + 2086. What is the tens digit of f?
8
Suppose -m + 10 = -46. Suppose 3*h - 416 = -m. What is the tens digit of h?
2
What is the hundreds digit of 22 + 927 + (-14)/2?
9
Let h be 12/8*1*2. Suppose -s + 436 = h*l, -4*l + 951 = 4*s + 375. What is the hundreds digit of l?
1
Suppose 5*d - s + 29 = 0, s + 3*s - 31 = 3*d. What is the units digit of (0 - -1) + d/((-10)/132)?
7
Suppose 754 + 734 = 3*c. What is the hundreds digit of c?
4
Let y(a) = 7*a - 1. Let o be y(3). Let n = o + -5. What is the tens digit of n?
1
Let p be (-1 + (-2)/4)*(-10)/(-1). What is the units digit of 1/(-7) - -129*p/(-21)?
2
Suppose 300*q - 468 = 288*q. What is the tens digit of q?
3
Suppose z + 4*z = -15, -2*z + 1880 = 2*w. What is the hundreds digit of w?
9
Let z(c) = 6*c**2 + 14*c. Let d be z(-7). Suppose -636 = -4*s - d. What is the hundreds digit of s?
1
Let n = 6 - 6. Let s(b) = -b - 3 + 1 + n - 1. What is the units digit of s(-5)?
2
Suppose -10*z - 16 = -14*z. Let c = 10 - z. What is the units digit of c?
6
Let u = -116 - -114. What is the units digit of (-3)/u - (-326)/4?
3
Let y be 4 - (-4 + (-4 - -7)). Suppose 3 = -y*f - 2. What is the tens digit of -4 + 49 + 3 + f?
4
What is the hundreds digit of (14/(-21))/(9/(-10611))?
7
Let h = -1654 - -2710. What is the hundreds digit of h?
0
Let v(g) be the third derivative of g**6/120 - g**5/20 - g**4/4 + 7*g**3/6 + g**2. Let q be 7 - 104/16 - 18/(-4). What is the units digit of v(q)?
7
Let a be 91/1*(-1 - -2). Let p be ((-44)/(-10))/(38/(-285)). Let r = p + a. What is the tens digit of r?
5
Suppose 3*b + v = -0*v + 1822, 3*b - 4*v - 1817 = 0. What is the hundreds digit of b?
6
Suppose 6*g - g = 155. Let s = 13 + g. What is the tens digit of s?
4
Suppose 0 = 5*v - v + 28. Let z(n) = 2*n**2 + 11*n + 4. What is the units digit of z(v)?
5
Let h = 27 + -24. Let v(s) = 6 + s + 7*s - 2*s**2 + h*s**2 + s. What is the units digit of v(-10)?
6
Suppose 3*n + s = 20, 3*n + 2*n = -4*s + 38. Let t be 2/(-3) - 64/12. Let u = n - t. What is the tens digit of u?
1
Let m = 5542 - 3679. What is the thousands digit of m?
1
Let a = 541 - 342. What is the units digit of a?
9
Suppose 24698 = 5*f - h, -f - 45*h = -46*h - 4942. What is the thousands digit of f?
4
Let f = -5 - -9. Suppose 0 = -2*j + f + 6. Suppose -5*k = -j*c + 145, 0*k - 44 = -c - 4*k. What is the tens digit of c?
3
Suppose -3*p + 5*o = o + 4, 2*p = 5*o - 12. Suppose p*r + 0*r = 176. What is the units digit of r?
4
Let l(v) = -v**3 - 2*v**2 + 9*v + 1. Let u be l(-4). Let h(f) = 8*f**2 - 2*f - 2. What is the units digit of h(u)?
6
Let n be 11/(33/(-18))*-31. Suppose 2*x - n = -x. What is the units digit of (-2 + -2)*x/(-8)?
1
Suppose -5485 = -5*m + 5*a, -3*m + 960 + 2337 = -5*a. What is the hundreds digit of m?
0
Let k(t) = 3*t**3 - 7*t**2 + 12*t + 94. What is the units digit of k(11)?
2
Suppose -25*q + 21000 = 4150. What is the hundreds digit of q?
6
Let t(y) = -25*y + 95. Let d be t(4). Let h(i) = -2*i + 4. Let p(w) = -1. Let s(a) = 2*h(a) + 2*p(a). What is the tens digit of s(d)?
2
Suppose -2*c = 3*u - 344, -3*u + c + 161 + 198 = 0. Let q = -60 + u. What is the units digit of q?
8
Suppose 0 = -5*v + 3*x + 44, 2*v + x - 12 = v. Let r(o) = 10*o**3 + 13 - 11*o**3 + 11*o + 10*o**2 - o**2. What is the tens digit of r(v)?
2
What is the units digit of (-12)/4 + 2 + 259?
8
Let h(m) = 4*m**2 + 61*m - 19. What is the units digit of h(-16)?
9
Let q = 6 - 9. Let k be (-10)/q*(-90)/(-50). Suppose 11*p - 95 = k*p. What is the tens digit of p?
1
Suppose 9*f = 6*f + 3. What is the units digit of f?
1
Let i(x) = 26*x**2 + 11*x + 99. What is the tens digit of i(-9)?
0
Suppose -38850 = -27*x - 10*x. What is the hundreds digit of x?
0
Let r be (2*1)/((-13)/(-221)). Suppose 5*a + r = 2*z - 0*z, -5*z = -3*a - 85. What is the tens digit of z?
1
Suppose -5*t + 1265 + 415 = 0. What is the hundreds digit of t?
3
Let b be (0 + 1 + (2 - 3))*1. Suppose n - 4 = b, 0 = 4*h + 3*n - 88 - 8. What is the units digit of h?
1
Suppose -2*w = -2*p + 248, p - 499 = -3*p + 3*w. Let o = p + -46. What is the tens digit of o?
8
Let n be 762 + -3*(-4 + 3). Suppose 6*c + n = 3*c. What is the tens digit of 6/10*c/(-3)?
5
Let x = 10 - 10. Let w(h) = -h**3 - h + 3. Let r be w(x). Suppose k - 84 = -r*k. What is the units digit of k?
1
Let w = 53 - 90. Let p = w + 0. Let f = p + 74. What is the tens digit of f?
3
Suppose 2*m - 3*d = 2511 + 2069, 2300 = m + d. What is the thousands digit of m?
2
Let p(m) be the first derivative of 22*m**2 - 10. What is the units digit of p(1)?
4
Suppose 12325 = 16*t - 1483. What is the tens digit of t?
6
Suppose 0 = -3*o + 12, 3*a - 7*o + 3*o + 7 = 0. Suppose -a*j + 5*k + 312 = 0, 2*k + 557 = 5*j + 6*k. What is the tens digit of j?
0
Suppose 2*c - c + 38 = 0. Let g = c + 67. What is the units digit of g?
9
Let p be (0 + -1)*1/(-1). Suppose -2*x + 2*s - 3 - p = 0, -5*x + 2*s = -2. Suppose i - 3*c - 103 = -3*i, 0 = x*c - 6. What is the tens digit of i?
2
Suppose -7*k - 3*r - 7624 = -9*k, -2*k + 5*r + 7624 = 0. What is the hundreds digit of k?
8
Suppose 2*n - 5 = 4*w + 17, 3*n - 18 = w. Suppose -n*j = -10*j + 250. What is the tens digit of (j/(-4))/((-1)/2)?
2
Suppose 5*j + 163 = 3*u, 0 = 4*u - 2*j + 4*j - 174. What is the tens digit of (0 - (-477)/4) + u/(-184)?
1
What is the tens digit of (-12734)/(-22) + (-2)/(-11)?
7
Let v be 2 + 0 + 7 - -3. Suppose 5*o - 116 = 39. Suppose j - v = o. What is the tens digit of j?
4
What is the hundreds digit of 3/(-3)*2/((-4)/510)?
2
What is the units digit of 308 - 105 - (-4)/(-1)?
9
Let w = -101 - -105. Suppose 4*q = w*f - f + 4, -f = q - 1. What is the units digit of q?
1
Suppose -o + 21579 = 4*z, -26*o + 21*o = -z + 5379. What is the hundreds digit of z?
3
Suppose -4*j + 9 = -n, -4*j = 3*n + 24 + 19. Let z(v) = -v**3 - 13*v**2 - 7*v - 14. What is the tens digit of z(n)?
7
Let h be (-3